{"id":544,"date":"2016-08-23T08:46:18","date_gmt":"2016-08-23T06:46:18","guid":{"rendered":"http:\/\/recheck.de\/recongeb\/?page_id=544"},"modified":"2017-10-27T18:59:11","modified_gmt":"2017-10-27T16:59:11","slug":"transparenz","status":"publish","type":"page","link":"https:\/\/stiftung-energieeffizienz.org\/recongeb\/transparenz\/","title":{"rendered":"Transparenz"},"content":{"rendered":"[vc_row][vc_column]<style>.vcex-heading.vcex_69e7696256da2{color:#666666;font-weight:300;letter-spacing:8px;}<\/style><div class=\"vcex-heading vcex-heading-plain vcex-module wpex-heading wpex-text-2xl wpex-text-left vc_custom_1472124449459 vcex_69e7696256da2\"><span class=\"vcex-heading-inner wpex-inline-block\">INFORMATIONEN ZUR TRANSPARENZ<\/span><\/div>[\/vc_column][\/vc_row][vc_row][vc_column width=&#8220;1\/4&#8243;]<style>.vcex-heading.vcex_69e7696257903{color:#666666;font-weight:300;letter-spacing:8px;}<\/style><div class=\"vcex-heading vcex-heading-plain vcex-module wpex-heading wpex-text-2xl wpex-text-left vc_custom_1471935476596 vcex_69e7696257903\"><span class=\"vcex-heading-inner wpex-inline-block\">FINANZEN<\/span><\/div>[vc_empty_space height=&#8220;20px&#8220;][vc_single_image image=&#8220;38&#8243;][\/vc_column][vc_column width=&#8220;3\/4&#8243;][vc_column_text]Grundlage von ReConGeb ist gegenseitiges Vertrauen. Vertrauen gewinnt man durch Glaubw\u00fcrdigkeit. Indem wir alle relevanten Informationen \u00fcber <em>ReConGeb \u2013 Referenz-Controlling-Geb\u00e4ude<\/em> offen legen, wollen wir unsere Glaubw\u00fcrdigkeit unter Beweis stellen.<\/p>\n<p>Die Stiftung Energieeffizienz ist Mitunterzeichnerin der Selbstverpflichtungserkl\u00e4rung der <a href=\"http:\/\/www.transparency.de\/Initiative-Transparente-Zivilg.1612.0.html\" target=\"_blank\">Initiative Transparente Zivilgesellschaft<\/a>, die wiederum von <a href=\"http:\/\/www.transparency.de\/\" target=\"_blank\">Transparency International Deutschland e.V.<\/a> ins Leben gerufen wurde. Das bedeutet, dass der Ein- und Ausgang aller finanziellen Mittel im Projekt offengelegt wird.[\/vc_column_text][\/vc_column][\/vc_row][vc_row][vc_column width=&#8220;1\/4&#8243;][vc_single_image image=&#8220;98&#8243; img_size=&#8220;thumbnail&#8220;][\/vc_column][vc_column width=&#8220;3\/4&#8243;][vc_column_text]Der Anschub der Projektinfrastruktur wird vom Land Nordrhein-Westfalen mit F\u00f6rdermitteln aus dem Programm progres.nrw unterstu\u0308tzt. Weitere Mittel werden eingeworben, um eine notwendige Unterst\u00fctzung f\u00fcr Einfamilienh\u00e4user, die projekteigene Begleitforschung und die laufende externe Qualit\u00e4tssicherung zu finanzieren. Detaillierte Informationen hierzu finden Sie in den j\u00e4hrlichen Rechenschaftsberichten <a href=\"https:\/\/stiftung-energieeffizienz.org\/projekte\/\" target=\"_blank\" rel=\"noopener\">hier<\/a>.<\/p>\n<p>Die Finanzierung des auf mindestens 15 Jahre angelegten Langzeitprojektes erfolgt zudem im Wesentlichen aus den Beitr\u00e4gen der teilnehmenden Geb\u00e4ude fu\u0308r ein Mehrfamilienhaus (MFH) kumuliert u\u0308ber 15 Jahre ca. EUR 5.000 (zzgl. MwSt.) um die notwendige langj\u00e4hrige Unabh\u00e4ngigkeit und Kontinuit\u00e4t sicherzustellen.<\/p>\n<p>Im Sinne des Projektes wird eine absolute Transparenz angestrebt, diese kann jedoch im Rahmen der weitgehend ehrenamtlichen Bearbeitung nicht immer sofort gew\u00e4hrleistet werden. Sollten zu den untenstehenden Punkten, beziehungsweise zu eventuellen weiteren Interessenkonflikten Fragen aufkommen, wenden Sie sich gern an uns. Wir bem\u00fchen uns, im Takt der Beiratssitzungen, diese Auflistung\u00a0 zu konkretisieren und entsprechend zu erg\u00e4nzen.[\/vc_column_text][\/vc_column][\/vc_row][vc_row][vc_column width=&#8220;1\/4&#8243;]<style>.vcex-heading.vcex_69e7696257ef1{color:#666666;font-weight:300;letter-spacing:8px;}<\/style><div class=\"vcex-heading vcex-heading-plain vcex-module wpex-heading wpex-text-2xl wpex-text-left vc_custom_1471935300193 vcex_69e7696257ef1\"><span class=\"vcex-heading-inner wpex-inline-block\">EIGEN\u2013<br \/>\nINTERESSEN<\/span><\/div>[\/vc_column][vc_column width=&#8220;3\/4&#8243;][vc_column_text]Um unabh\u00e4ngig und qualifiziert Wege zu tats\u00e4chlich nachhaltigen Geb\u00e4uden aufzuzeigen, muss das Projekt ReConGeb frei von Einzelinteressen bleiben und durch fachlich besonders qualifizierte Kr\u00e4fte der Zivilgesellschaft getragen werden. Da auch vermeintlich unabh\u00e4ngige Akteure der Zivilgesellschaft wie z.B. Stiftungen (Satzungen der Stiftungen), deren Organe und verbundene Menschen wirtschaftlichen Zw\u00e4ngen oder bestimmten Interessen unterliegen sind Konflikte im Projekt ReConGeb stets offenzulegen. In der Benennung dieser Konflikte, und ggf. Herbeif\u00fchrung von L\u00f6sungen, besteht eine wesentliche Aufgabe der Beir\u00e4te.<\/p>\n<p><strong>Benennung von Eigeninteressen<br \/>\n<\/strong>energy-check gGmbH<strong><br \/>\n<\/strong>\u2022\u00a0 Schaffung von Arbeitspl\u00e4tzen f\u00fcr unabh\u00e4ngige Qualit\u00e4tskontrollen z.B. mittels der energy-check Methoden<\/p>\n<p>Ingenieurb\u00fcro Ortjohann<br \/>\n\u2022\u00a0 Bef\u00e4higung zur Planung besserer Geb\u00e4ude- und Anlagen unter Einbezug der Erkenntnisse aus dem Projekt ReConGeb<\/p>\n<p>Stiftung Energieeffizienz<strong><br \/>\n<\/strong>\u2022\u00a0 Steigerung der Wirksamkeit durch h\u00f6heren Bekanntheitsgrad und Einwerbung von Kapital<\/p>\n<p>Ludwig-B\u00f6lkow-Stiftung<strong><br \/>\n<\/strong>\u2022\u00a0 Steigerung der Wirksamkeit durch h\u00f6heren Bekanntheitsgrad und Einwerbung von Kapital<\/p>\n<p>Wohnungswirtschaft<strong><br \/>\n<\/strong>\u2022\u00a0 Kenntnis zur Errichtung optimaler Geb\u00e4ude und Anlagen sowie zur Artikulation qualifizierter Forderungen an die Politik<\/p>\n<p><strong>Potentielle Interessenkonflikte<\/strong><br \/>\n\u2022\u00a0 Alle: Nutzung der ReConGeb (und energy-check) Daten f\u00fcr Eigeninteressen<br \/>\n\u2022\u00a0 Ingenieurb\u00fcro Ortjohann oder energy-check: Nutzung der gemeinn\u00fctzigen Projektidee zur Akquise von Auftr\u00e4gen<br \/>\n\u2022\u00a0 Consolar GmbH (Initiator Dr. U. Leibfried): Aufbau der ReConGeb Plattform als Akquise-Portal<br \/>\n\u2022\u00a0 Ludwig-B\u00f6lkow-Stiftung: Auftragsakquise f\u00fcr die Ludwig-B\u00f6lkow-Systemtechnik GmbH<br \/>\n\u2022\u00a0 Wohnungswirtschaft: Nutzung der Projekterkenntnisse zum Durchsetzen von Eigeninteressen.<\/p>\n<p><em>Stand November 2016<\/em>[\/vc_column_text][\/vc_column][\/vc_row]\n","protected":false},"excerpt":{"rendered":"<p>[vc_row][vc_column][\/vc_column][\/vc_row][vc_row][vc_column width=&#8220;1\/4&#8243;][vc_empty_space height=&#8220;20px&#8220;][vc_single_image image=&#8220;38&#8243;][\/vc_column][vc_column width=&#8220;3\/4&#8243;][vc_column_text]Grundlage von ReConGeb ist gegenseitiges Vertrauen. Vertrauen gewinnt man durch Glaubw\u00fcrdigkeit. Indem wir alle relevanten Informationen \u00fcber ReConGeb \u2013 Referenz-Controlling-Geb\u00e4ude offen legen, wollen wir unsere Glaubw\u00fcrdigkeit unter Beweis stellen. Die Stiftung Energieeffizienz ist Mitunterzeichnerin der Selbstverpflichtungserkl\u00e4rung der Initiative Transparente Zivilgesellschaft, die wiederum von Transparency International Deutschland e.V. ins Leben gerufen wurde.&hellip;<\/p>\n","protected":false},"author":1,"featured_media":0,"parent":0,"menu_order":0,"comment_status":"closed","ping_status":"closed","template":"","meta":{"footnotes":""},"class_list":["post-544","page","type-page","status-publish","hentry","entry","no-media"],"_links":{"self":[{"href":"https:\/\/stiftung-energieeffizienz.org\/recongeb\/wp-json\/wp\/v2\/pages\/544","targetHints":{"allow":["GET"]}}],"collection":[{"href":"https:\/\/stiftung-energieeffizienz.org\/recongeb\/wp-json\/wp\/v2\/pages"}],"about":[{"href":"https:\/\/stiftung-energieeffizienz.org\/recongeb\/wp-json\/wp\/v2\/types\/page"}],"author":[{"embeddable":true,"href":"https:\/\/stiftung-energieeffizienz.org\/recongeb\/wp-json\/wp\/v2\/users\/1"}],"replies":[{"embeddable":true,"href":"https:\/\/stiftung-energieeffizienz.org\/recongeb\/wp-json\/wp\/v2\/comments?post=544"}],"version-history":[{"count":18,"href":"https:\/\/stiftung-energieeffizienz.org\/recongeb\/wp-json\/wp\/v2\/pages\/544\/revisions"}],"predecessor-version":[{"id":964,"href":"https:\/\/stiftung-energieeffizienz.org\/recongeb\/wp-json\/wp\/v2\/pages\/544\/revisions\/964"}],"wp:attachment":[{"href":"https:\/\/stiftung-energieeffizienz.org\/recongeb\/wp-json\/wp\/v2\/media?parent=544"}],"curies":[{"name":"wp","href":"https:\/\/api.w.org\/{rel}","templated":true}]}}